{"id":14,"date":"2019-11-14T14:16:38","date_gmt":"2019-11-14T13:16:38","guid":{"rendered":"http:\/\/starter-wordpress.loc\/?page_id=14"},"modified":"2023-10-23T12:55:52","modified_gmt":"2023-10-23T10:55:52","slug":"home","status":"publish","type":"page","link":"https:\/\/hi-octane.pl\/pl\/","title":{"rendered":"Strona g\u0142\u00f3wna"},"content":{"rendered":"<section class=\"main-banner alignfull space-between-sections relative flex items-center lg:items-end xxl:items-center h-screen lg:h-[85vh] xxl:h-[75vh] xxxl:h-[65vh] lg:mb-40 xxl:mb-64 overflow-hidden\">\n\n        <div class=\"main-banner__content container text-neutral-0 pt-48 md:pt-62 lg:pt-96 lg:pb-64 xxl:pb-0\">\n\n    <h1 class=\"heading-1 lg:max-w-[75%] mb-24 md:mb-32 font-bold\">Owijarki do palet i inne maszyny pakuj\u0105ce<\/h1>\n\n    \n        <p class=\"paragraph-l lg:max-w-1\/2\">Pakuj swoje produkty szybko, \u0142atwo i bezpiecznie <\/p>\n\n    \n    \n        <div class=\"flex items-center gap-20 md:gap-32 lg:gap-48 mt-32\">\n\n            \n                \n    \n        <a\n            href=\"https:\/\/hi-octane.pl\/pl\/kontakt\/\"\n                            target=\"\"\n                        class=\"button button--primary normal-button\"\n        >\n\n            Kontakt\n\n        <\/a>\n\n    \n\n            \n            \n                <a\n                    href=\"\/pl\/products\/\"\n                                            target=\"\"\n                                        class=\"button button--transparent\"\n                >\n\n                    <p>Nasze produkty<\/p>\n\n                    <span class=\"svg-container block\">\n\t<svg height=\"512\" viewbox=\"0 0 512 512\" width=\"512\" xmlns=\"http:\/\/www.w3.org\/2000\/svg\"><path d=\"M502.628 278.627L389.25 392.005c-6.249 6.249-14.438 9.373-22.628 9.373s-16.379-3.124-22.628-9.373c-12.496-12.497-12.496-32.758 0-45.255L402.745 288H32c-17.673 0-32-14.327-32-32s14.327-32 32-32h370.745l-58.751-58.75c-12.496-12.497-12.496-32.758 0-45.255 12.498-12.497 32.758-12.497 45.256 0l113.378 113.378c12.496 12.496 12.496 32.758 0 45.254z\"\/><\/svg>\n<\/span>\n\n                <\/a>\n\n            \n\n        <\/div>\n\n    \n<\/div>\n\n        \n            \n            \n    <div class=\"absolute inset-0\" aria-label=\"main-hero-banner\" title=\"main-hero-banner\">\n\n        <picture class=\"\">\n            <source src=\"https:\/\/hi-octane.pl\/wp-content\/uploads\/2023\/03\/main-hero-banner-e1698058542743.webp\" media=\"(max-width: 400px)\" type=\"image\/webp\" srcset=\"https:\/\/hi-octane.pl\/wp-content\/uploads\/2023\/03\/main-hero-banner-e1698058542743.webp\"\/>\n            <source src=\"https:\/\/hi-octane.pl\/wp-content\/uploads\/2023\/03\/main-hero-banner-e1698058542743.webp\" media=\"(min-width: 400px) and (max-width: 600px)\" type=\"image\/webp\" srcset=\"https:\/\/hi-octane.pl\/wp-content\/uploads\/2023\/03\/main-hero-banner-e1698058542743.webp\"\/>\n            <source src=\"https:\/\/hi-octane.pl\/wp-content\/uploads\/2023\/03\/main-hero-banner-e1698058542743.webp\" media=\"(min-width: 600px) and (max-width: 1200px)\" type=\"image\/webp\" srcset=\"https:\/\/hi-octane.pl\/wp-content\/uploads\/2023\/03\/main-hero-banner-e1698058542743.webp\"\/>\n            <img decoding=\"async\" src=\"https:\/\/hi-octane.pl\/wp-content\/uploads\/2023\/03\/main-hero-banner-e1698058542743.jpg\" class=\"w-full h-full object-cover\" loading=\"lazy\" alt=\"main-hero-banner\"\/>\n        <\/picture>\n\n    <\/div>\n\n\n        \n        \n    <\/section>\n\n\n\n\n\n\n    <section class=\"main-products-categories alignfull space-between-section pb-32 sm:pb-48 md:pb-64 lg:pb-96\">\n\n        <div class=\"container container--mobile-only\">\n\n            <div class=\"grid grid-cols-1 sm:grid-cols-2 md:grid-cols-3 xl:flex xl:justify-between xl:items-center xl:flex-wrap gap-10\">\n\n                \n                    \n                    <a\n                        href=\"https:\/\/hi-octane.pl\/pl\/kategoria\/owijarki-palet\/\"\n                        aria-label=\"Click read more about Owijarki palet\"\n                        title=\"Click read more about Owijarki palet\"\n                        class=\"main-products-categories__category h-full w-full rounded-5\"\n                    >\n\n                        <pre>\n  \n  \n<\/pre>\n\n\n\n    <div class=\"single-category relative h-full w-full md:h-[35rem] lg:max-h-[80vh] xl:h-[64rem] rounded-5 group p-20 overflow-hidden\">\n\n        \n            \n            \n    <div class=\"absolute inset-0\" aria-label=\"X0mskatalog\" title=\"X0mskatalog\">\n\n        <picture class=\"\">\n            <source src=\"https:\/\/hi-octane.pl\/wp-content\/uploads\/2024\/04\/X0mskatalog.webp\" media=\"(max-width: 400px)\" type=\"image\/webp\" srcset=\"https:\/\/hi-octane.pl\/wp-content\/uploads\/2024\/04\/X0mskatalog.webp\"\/>\n            <source src=\"https:\/\/hi-octane.pl\/wp-content\/uploads\/2024\/04\/X0mskatalog.webp\" media=\"(min-width: 400px) and (max-width: 600px)\" type=\"image\/webp\" srcset=\"https:\/\/hi-octane.pl\/wp-content\/uploads\/2024\/04\/X0mskatalog.webp\"\/>\n            <source src=\"https:\/\/hi-octane.pl\/wp-content\/uploads\/2024\/04\/X0mskatalog.webp\" media=\"(min-width: 600px) and (max-width: 1200px)\" type=\"image\/webp\" srcset=\"https:\/\/hi-octane.pl\/wp-content\/uploads\/2024\/04\/X0mskatalog.webp\"\/>\n            <img decoding=\"async\" src=\"https:\/\/hi-octane.pl\/wp-content\/uploads\/2024\/04\/X0mskatalog.jpg\" class=\"w-full h-full object-cover group-hover:scale-105 transition-transform duration-300 ease-in-out\" loading=\"lazy\" alt=\"X0mskatalog\"\/>\n        <\/picture>\n\n    <\/div>\n\n\n            <h2 class=\"single-category__title relative xl:absolute xl:bottom-0 xl:right-0 xl:whitespace-nowrap heading-2 font-bold text-neutral-0 group-hover:text-primary-800\">Owijarki palet<\/h2>\n\n        \n    <\/div>\n\n\n\n                    <\/a>\n\n                \n                    \n                    <a\n                        href=\"https:\/\/hi-octane.pl\/pl\/kategoria\/zaklejarki-do-kartonow\/\"\n                        aria-label=\"Click read more about Zaklejarki karton\u00f3w\"\n                        title=\"Click read more about Zaklejarki karton\u00f3w\"\n                        class=\"main-products-categories__category h-full w-full rounded-5\"\n                    >\n\n                        <pre>\n  \n  \n<\/pre>\n\n\n\n    <div class=\"single-category relative h-full w-full md:h-[35rem] lg:max-h-[80vh] xl:h-[64rem] rounded-5 group p-20 overflow-hidden\">\n\n        \n            \n            \n    <div class=\"absolute inset-0\" aria-label=\"Fot g\u0142\u00f3wna\" title=\"Fot g\u0142\u00f3wna\">\n\n        <picture class=\"\">\n            <source src=\"https:\/\/hi-octane.pl\/wp-content\/uploads\/2025\/04\/Fot-glowna-scaled.webp\" media=\"(max-width: 400px)\" type=\"image\/webp\" srcset=\"https:\/\/hi-octane.pl\/wp-content\/uploads\/2025\/04\/Fot-glowna-scaled.webp\"\/>\n            <source src=\"https:\/\/hi-octane.pl\/wp-content\/uploads\/2025\/04\/Fot-glowna-scaled.webp\" media=\"(min-width: 400px) and (max-width: 600px)\" type=\"image\/webp\" srcset=\"https:\/\/hi-octane.pl\/wp-content\/uploads\/2025\/04\/Fot-glowna-scaled.webp\"\/>\n            <source src=\"https:\/\/hi-octane.pl\/wp-content\/uploads\/2025\/04\/Fot-glowna-scaled.webp\" media=\"(min-width: 600px) and (max-width: 1200px)\" type=\"image\/webp\" srcset=\"https:\/\/hi-octane.pl\/wp-content\/uploads\/2025\/04\/Fot-glowna-scaled.webp\"\/>\n            <img decoding=\"async\" src=\"https:\/\/hi-octane.pl\/wp-content\/uploads\/2025\/04\/Fot-glowna-scaled.jpg\" class=\"w-full h-full object-cover group-hover:scale-105 transition-transform duration-300 ease-in-out\" loading=\"lazy\" alt=\"Fot g\u0142\u00f3wna\"\/>\n        <\/picture>\n\n    <\/div>\n\n\n            <h2 class=\"single-category__title relative xl:absolute xl:bottom-0 xl:right-0 xl:whitespace-nowrap heading-2 font-bold text-neutral-0 group-hover:text-primary-800\">Zaklejarki karton\u00f3w<\/h2>\n\n        \n    <\/div>\n\n\n\n                    <\/a>\n\n                \n                    \n                    <a\n                        href=\"https:\/\/hi-octane.pl\/pl\/kategoria\/spinanie-tasma-pp-i-pet\/\"\n                        aria-label=\"Click read more about Spinanie ta\u015bm\u0105 PP i PET\"\n                        title=\"Click read more about Spinanie ta\u015bm\u0105 PP i PET\"\n                        class=\"main-products-categories__category h-full w-full rounded-5\"\n                    >\n\n                        <pre>\n  \n  \n<\/pre>\n\n\n\n    <div class=\"single-category relative h-full w-full md:h-[35rem] lg:max-h-[80vh] xl:h-[64rem] rounded-5 group p-20 overflow-hidden\">\n\n        \n            \n            \n    <div class=\"absolute inset-0\" aria-label=\"1\" title=\"1\">\n\n        <picture class=\"\">\n            <source src=\"https:\/\/hi-octane.pl\/wp-content\/uploads\/2024\/10\/1-1.webp\" media=\"(max-width: 400px)\" type=\"image\/webp\" srcset=\"https:\/\/hi-octane.pl\/wp-content\/uploads\/2024\/10\/1-1.webp\"\/>\n            <source src=\"https:\/\/hi-octane.pl\/wp-content\/uploads\/2024\/10\/1-1.webp\" media=\"(min-width: 400px) and (max-width: 600px)\" type=\"image\/webp\" srcset=\"https:\/\/hi-octane.pl\/wp-content\/uploads\/2024\/10\/1-1.webp\"\/>\n            <source src=\"https:\/\/hi-octane.pl\/wp-content\/uploads\/2024\/10\/1-1.webp\" media=\"(min-width: 600px) and (max-width: 1200px)\" type=\"image\/webp\" srcset=\"https:\/\/hi-octane.pl\/wp-content\/uploads\/2024\/10\/1-1.webp\"\/>\n            <img decoding=\"async\" src=\"https:\/\/hi-octane.pl\/wp-content\/uploads\/2024\/10\/1-1.jpg\" class=\"w-full h-full object-cover group-hover:scale-105 transition-transform duration-300 ease-in-out\" loading=\"lazy\" alt=\"1\"\/>\n        <\/picture>\n\n    <\/div>\n\n\n            <h2 class=\"single-category__title relative xl:absolute xl:bottom-0 xl:right-0 xl:whitespace-nowrap heading-2 font-bold text-neutral-0 group-hover:text-primary-800\">Spinanie ta\u015bm\u0105 PP i PET<\/h2>\n\n        \n    <\/div>\n\n\n\n                    <\/a>\n\n                \n                    \n                    <a\n                        href=\"https:\/\/hi-octane.pl\/pl\/kategoria\/zgrzewarki-katowe\/\"\n                        aria-label=\"Click read more about Shrinking machines\"\n                        title=\"Click read more about Shrinking machines\"\n                        class=\"main-products-categories__category h-full w-full rounded-5\"\n                    >\n\n                        <pre>\n  \n  \n<\/pre>\n\n\n\n    <div class=\"single-category relative h-full w-full md:h-[35rem] lg:max-h-[80vh] xl:h-[64rem] rounded-5 group p-20 overflow-hidden\">\n\n        \n            \n            \n    <div class=\"absolute inset-0\" aria-label=\"FLEXY SEALER 85A\" title=\"FLEXY SEALER 85A\">\n\n        <picture class=\"\">\n            <source src=\"https:\/\/hi-octane.pl\/wp-content\/uploads\/2023\/07\/FLEXY-SEALER-85A.webp\" media=\"(max-width: 400px)\" type=\"image\/webp\" srcset=\"https:\/\/hi-octane.pl\/wp-content\/uploads\/2023\/07\/FLEXY-SEALER-85A.webp\"\/>\n            <source src=\"https:\/\/hi-octane.pl\/wp-content\/uploads\/2023\/07\/FLEXY-SEALER-85A.webp\" media=\"(min-width: 400px) and (max-width: 600px)\" type=\"image\/webp\" srcset=\"https:\/\/hi-octane.pl\/wp-content\/uploads\/2023\/07\/FLEXY-SEALER-85A.webp\"\/>\n            <source src=\"https:\/\/hi-octane.pl\/wp-content\/uploads\/2023\/07\/FLEXY-SEALER-85A.webp\" media=\"(min-width: 600px) and (max-width: 1200px)\" type=\"image\/webp\" srcset=\"https:\/\/hi-octane.pl\/wp-content\/uploads\/2023\/07\/FLEXY-SEALER-85A.webp\"\/>\n            <img decoding=\"async\" src=\"https:\/\/hi-octane.pl\/wp-content\/uploads\/2023\/07\/FLEXY-SEALER-85A.jpg\" class=\"w-full h-full object-cover group-hover:scale-105 transition-transform duration-300 ease-in-out\" loading=\"lazy\" alt=\"FLEXY SEALER 85A\"\/>\n        <\/picture>\n\n    <\/div>\n\n\n            <h2 class=\"single-category__title relative xl:absolute xl:bottom-0 xl:right-0 xl:whitespace-nowrap heading-2 font-bold text-neutral-0 group-hover:text-primary-800\">Zgrzewarki k\u0105towe<\/h2>\n\n        \n    <\/div>\n\n\n\n                    <\/a>\n\n                \n                    \n                    <a\n                        href=\"https:\/\/hi-octane.pl\/pl\/kategoria\/wiazarki-akumulatorowe-2\/\"\n                        aria-label=\"Click read more about Battery-powered strapping machines\"\n                        title=\"Click read more about Battery-powered strapping machines\"\n                        class=\"main-products-categories__category h-full w-full rounded-5\"\n                    >\n\n                        <pre>\n  \n  \n<\/pre>\n\n\n\n    <div class=\"single-category relative h-full w-full md:h-[35rem] lg:max-h-[80vh] xl:h-[64rem] rounded-5 group p-20 overflow-hidden\">\n\n        \n            \n            \n    <div class=\"absolute inset-0\" aria-label=\"Q3S\" title=\"Q3S\">\n\n        <picture class=\"\">\n            <source src=\"https:\/\/hi-octane.pl\/wp-content\/uploads\/2023\/07\/Q3S.webp\" media=\"(max-width: 400px)\" type=\"image\/webp\" srcset=\"https:\/\/hi-octane.pl\/wp-content\/uploads\/2023\/07\/Q3S.webp\"\/>\n            <source src=\"https:\/\/hi-octane.pl\/wp-content\/uploads\/2023\/07\/Q3S.webp\" media=\"(min-width: 400px) and (max-width: 600px)\" type=\"image\/webp\" srcset=\"https:\/\/hi-octane.pl\/wp-content\/uploads\/2023\/07\/Q3S.webp\"\/>\n            <source src=\"https:\/\/hi-octane.pl\/wp-content\/uploads\/2023\/07\/Q3S.webp\" media=\"(min-width: 600px) and (max-width: 1200px)\" type=\"image\/webp\" srcset=\"https:\/\/hi-octane.pl\/wp-content\/uploads\/2023\/07\/Q3S.webp\"\/>\n            <img decoding=\"async\" src=\"https:\/\/hi-octane.pl\/wp-content\/uploads\/2023\/07\/Q3S.jpg\" class=\"w-full h-full object-cover group-hover:scale-105 transition-transform duration-300 ease-in-out\" loading=\"lazy\" alt=\"Q3S\"\/>\n        <\/picture>\n\n    <\/div>\n\n\n            <h2 class=\"single-category__title relative xl:absolute xl:bottom-0 xl:right-0 xl:whitespace-nowrap heading-2 font-bold text-neutral-0 group-hover:text-primary-800\">Battery-powered strapping machines<\/h2>\n\n        \n    <\/div>\n\n\n\n                    <\/a>\n\n                \n                    \n                    <a\n                        href=\"https:\/\/hi-octane.pl\/pl\/kategoria\/skladarko-zaklejarki-do-kartonow\/\"\n                        aria-label=\"Click read more about Case Erectors\"\n                        title=\"Click read more about Case Erectors\"\n                        class=\"main-products-categories__category h-full w-full rounded-5\"\n                    >\n\n                        <pre>\n  \n  \n<\/pre>\n\n\n\n    <div class=\"single-category relative h-full w-full md:h-[35rem] lg:max-h-[80vh] xl:h-[64rem] rounded-5 group p-20 overflow-hidden\">\n\n        \n            \n            \n    <div class=\"absolute inset-0\" aria-label=\"PACK FORMER 50 SB\" title=\"PACK FORMER 50 SB\">\n\n        <picture class=\"\">\n            <source src=\"https:\/\/hi-octane.pl\/wp-content\/uploads\/2023\/07\/PACK-FORMER-50-SB.webp\" media=\"(max-width: 400px)\" type=\"image\/webp\" srcset=\"https:\/\/hi-octane.pl\/wp-content\/uploads\/2023\/07\/PACK-FORMER-50-SB.webp\"\/>\n            <source src=\"https:\/\/hi-octane.pl\/wp-content\/uploads\/2023\/07\/PACK-FORMER-50-SB.webp\" media=\"(min-width: 400px) and (max-width: 600px)\" type=\"image\/webp\" srcset=\"https:\/\/hi-octane.pl\/wp-content\/uploads\/2023\/07\/PACK-FORMER-50-SB.webp\"\/>\n            <source src=\"https:\/\/hi-octane.pl\/wp-content\/uploads\/2023\/07\/PACK-FORMER-50-SB.webp\" media=\"(min-width: 600px) and (max-width: 1200px)\" type=\"image\/webp\" srcset=\"https:\/\/hi-octane.pl\/wp-content\/uploads\/2023\/07\/PACK-FORMER-50-SB.webp\"\/>\n            <img decoding=\"async\" src=\"https:\/\/hi-octane.pl\/wp-content\/uploads\/2023\/07\/PACK-FORMER-50-SB.jpg\" class=\"w-full h-full object-cover group-hover:scale-105 transition-transform duration-300 ease-in-out\" loading=\"lazy\" alt=\"PACK FORMER 50 SB\"\/>\n        <\/picture>\n\n    <\/div>\n\n\n            <h2 class=\"single-category__title relative xl:absolute xl:bottom-0 xl:right-0 xl:whitespace-nowrap heading-2 font-bold text-neutral-0 group-hover:text-primary-800\">Sk\u0142adarko zaklejarki do karton\u00f3w<\/h2>\n\n        \n    <\/div>\n\n\n\n                    <\/a>\n\n                \n                    \n                    <a\n                        href=\"https:\/\/hi-octane.pl\/pl\/kategoria\/banderolownice\/\"\n                        aria-label=\"Click read more about Banding machines\"\n                        title=\"Click read more about Banding machines\"\n                        class=\"main-products-categories__category h-full w-full rounded-5\"\n                    >\n\n                        <pre>\n  \n  \n<\/pre>\n\n\n\n    <div class=\"single-category relative h-full w-full md:h-[35rem] lg:max-h-[80vh] xl:h-[64rem] rounded-5 group p-20 overflow-hidden\">\n\n        \n            \n            \n    <div class=\"absolute inset-0\" aria-label=\"EASY BAND 45\" title=\"EASY BAND 45\">\n\n        <picture class=\"\">\n            <source src=\"https:\/\/hi-octane.pl\/wp-content\/uploads\/2023\/07\/EASY-BAND-45.webp\" media=\"(max-width: 400px)\" type=\"image\/webp\" srcset=\"https:\/\/hi-octane.pl\/wp-content\/uploads\/2023\/07\/EASY-BAND-45.webp\"\/>\n            <source src=\"https:\/\/hi-octane.pl\/wp-content\/uploads\/2023\/07\/EASY-BAND-45.webp\" media=\"(min-width: 400px) and (max-width: 600px)\" type=\"image\/webp\" srcset=\"https:\/\/hi-octane.pl\/wp-content\/uploads\/2023\/07\/EASY-BAND-45.webp\"\/>\n            <source src=\"https:\/\/hi-octane.pl\/wp-content\/uploads\/2023\/07\/EASY-BAND-45.webp\" media=\"(min-width: 600px) and (max-width: 1200px)\" type=\"image\/webp\" srcset=\"https:\/\/hi-octane.pl\/wp-content\/uploads\/2023\/07\/EASY-BAND-45.webp\"\/>\n            <img decoding=\"async\" src=\"https:\/\/hi-octane.pl\/wp-content\/uploads\/2023\/07\/EASY-BAND-45.jpg\" class=\"w-full h-full object-cover group-hover:scale-105 transition-transform duration-300 ease-in-out\" loading=\"lazy\" alt=\"EASY BAND 45\"\/>\n        <\/picture>\n\n    <\/div>\n\n\n            <h2 class=\"single-category__title relative xl:absolute xl:bottom-0 xl:right-0 xl:whitespace-nowrap heading-2 font-bold text-neutral-0 group-hover:text-primary-800\">Banderolownice<\/h2>\n\n        \n    <\/div>\n\n\n\n                    <\/a>\n\n                \n                    \n                    <a\n                        href=\"https:\/\/hi-octane.pl\/pl\/kategoria\/urzadzenia-prozniowe\/\"\n                        aria-label=\"Click read more about Vacuum machines\"\n                        title=\"Click read more about Vacuum machines\"\n                        class=\"main-products-categories__category h-full w-full rounded-5\"\n                    >\n\n                        <pre>\n  \n  \n<\/pre>\n\n\n\n    <div class=\"single-category relative h-full w-full md:h-[35rem] lg:max-h-[80vh] xl:h-[64rem] rounded-5 group p-20 overflow-hidden\">\n\n        \n            \n            \n    <div class=\"absolute inset-0\" aria-label=\"vacuum-machines-category-image\" title=\"vacuum-machines-category-image\">\n\n        <picture class=\"\">\n            <source src=\"https:\/\/hi-octane.pl\/wp-content\/uploads\/2023\/02\/vacuum-machines-category-image.webp\" media=\"(max-width: 400px)\" type=\"image\/webp\" srcset=\"https:\/\/hi-octane.pl\/wp-content\/uploads\/2023\/02\/vacuum-machines-category-image.webp\"\/>\n            <source src=\"https:\/\/hi-octane.pl\/wp-content\/uploads\/2023\/02\/vacuum-machines-category-image.webp\" media=\"(min-width: 400px) and (max-width: 600px)\" type=\"image\/webp\" srcset=\"https:\/\/hi-octane.pl\/wp-content\/uploads\/2023\/02\/vacuum-machines-category-image.webp\"\/>\n            <source src=\"https:\/\/hi-octane.pl\/wp-content\/uploads\/2023\/02\/vacuum-machines-category-image.webp\" media=\"(min-width: 600px) and (max-width: 1200px)\" type=\"image\/webp\" srcset=\"https:\/\/hi-octane.pl\/wp-content\/uploads\/2023\/02\/vacuum-machines-category-image.webp\"\/>\n            <img decoding=\"async\" src=\"https:\/\/hi-octane.pl\/wp-content\/uploads\/2023\/02\/vacuum-machines-category-image.jpg\" class=\"w-full h-full object-cover group-hover:scale-105 transition-transform duration-300 ease-in-out\" loading=\"lazy\" alt=\"vacuum-machines-category-image\"\/>\n        <\/picture>\n\n    <\/div>\n\n\n            <h2 class=\"single-category__title relative xl:absolute xl:bottom-0 xl:right-0 xl:whitespace-nowrap heading-2 font-bold text-neutral-0 group-hover:text-primary-800\">Urz\u0105dzenia pr\u00f3\u017cniowe<\/h2>\n\n        \n    <\/div>\n\n\n\n                    <\/a>\n\n                \n            <\/div>\n\n        <\/div>\n\n    <\/section>","protected":false},"excerpt":{"rendered":"","protected":false},"author":1,"featured_media":0,"parent":0,"menu_order":0,"comment_status":"closed","ping_status":"closed","template":"","meta":{"inline_featured_image":false,"editor_plus_copied_stylings":"{}","footnotes":""},"class_list":["post-14","page","type-page","status-publish","hentry"],"yoast_head":"<!-- This site is optimized with the Yoast SEO plugin v26.1.1 - https:\/\/yoast.com\/wordpress\/plugins\/seo\/ -->\n<title>Home - Hi - Octane<\/title>\n<meta name=\"robots\" content=\"index, follow, max-snippet:-1, max-image-preview:large, max-video-preview:-1\" \/>\n<link rel=\"canonical\" href=\"https:\/\/hi-octane.pl\/pl\/\" \/>\n<meta property=\"og:locale\" content=\"pl_PL\" \/>\n<meta property=\"og:type\" content=\"article\" \/>\n<meta property=\"og:title\" content=\"Home - Hi - Octane\" \/>\n<meta property=\"og:url\" content=\"https:\/\/hi-octane.pl\/pl\/\" \/>\n<meta property=\"og:site_name\" content=\"Hi - Octane\" \/>\n<meta property=\"article:modified_time\" content=\"2023-10-23T10:55:52+00:00\" \/>\n<meta name=\"twitter:card\" content=\"summary_large_image\" \/>\n<!-- \/ Yoast SEO plugin. -->","yoast_head_json":{"title":"Home - Hi - Octane","robots":{"index":"index","follow":"follow","max-snippet":"max-snippet:-1","max-image-preview":"max-image-preview:large","max-video-preview":"max-video-preview:-1"},"canonical":"https:\/\/hi-octane.pl\/pl\/","og_locale":"pl_PL","og_type":"article","og_title":"Home - Hi - Octane","og_url":"https:\/\/hi-octane.pl\/pl\/","og_site_name":"Hi - Octane","article_modified_time":"2023-10-23T10:55:52+00:00","twitter_card":"summary_large_image","schema":{"@context":"https:\/\/schema.org","@graph":[{"@type":"WebPage","@id":"https:\/\/hi-octane.pl\/pl\/","url":"https:\/\/hi-octane.pl\/pl\/","name":"Home - Hi - Octane","isPartOf":{"@id":"https:\/\/hi-octane.pl\/#website"},"datePublished":"2019-11-14T13:16:38+00:00","dateModified":"2023-10-23T10:55:52+00:00","breadcrumb":{"@id":"https:\/\/hi-octane.pl\/pl\/#breadcrumb"},"inLanguage":"pl-PL","potentialAction":[{"@type":"ReadAction","target":["https:\/\/hi-octane.pl\/pl\/"]}]},{"@type":"BreadcrumbList","@id":"https:\/\/hi-octane.pl\/pl\/#breadcrumb","itemListElement":[{"@type":"ListItem","position":1,"name":"Home","item":"https:\/\/hi-octane.pl\/pl\/"},{"@type":"ListItem","position":2,"name":"Home"}]},{"@type":"WebSite","@id":"https:\/\/hi-octane.pl\/#website","url":"https:\/\/hi-octane.pl\/","name":"Hi - Octane","description":"","potentialAction":[{"@type":"SearchAction","target":{"@type":"EntryPoint","urlTemplate":"https:\/\/hi-octane.pl\/?s={search_term_string}"},"query-input":{"@type":"PropertyValueSpecification","valueRequired":true,"valueName":"search_term_string"}}],"inLanguage":"pl-PL"}]}},"acf":[],"gutenberg_blocks":[{"blockName":"custom-styles","attrs":{"styles":""}},{"blockName":"acf\/main-baner","attrs":{"title":"Wrappers for pallets and special products","description":"Pack and protect your products quickly, easily and safely ","main_button":{"title":"Contact","url":"\/contact","target":""},"additional_button":{"title":"Our products","url":"\/products","target":""},"background_type":"image","image":{"ID":634,"id":634,"title":"main-hero-banner","filename":"main-hero-banner-e1698058542743.jpg","filesize":82458,"url":"https:\/\/hi-octane.pl\/wp-content\/uploads\/2023\/03\/main-hero-banner-e1698058542743.jpg","link":"https:\/\/hi-octane.pl\/pl\/home\/main-hero-banner\/","alt":"","author":"1","description":"","caption":"","name":"main-hero-banner","status":"inherit","uploaded_to":14,"date":"2023-03-09 18:24:58","modified":"2023-03-09 18:24:58","menu_order":0,"mime_type":"image\/jpeg","type":"image","subtype":"jpeg","icon":"https:\/\/hi-octane.pl\/wp-includes\/images\/media\/default.png","width":1611,"height":500,"sizes":{"thumbnail":"https:\/\/hi-octane.pl\/wp-content\/uploads\/2023\/03\/main-hero-banner-e1698058542743-200x62.jpg","thumbnail-width":200,"thumbnail-height":62,"medium":"https:\/\/hi-octane.pl\/wp-content\/uploads\/2023\/03\/main-hero-banner-e1698058542743-600x186.jpg","medium-width":600,"medium-height":186,"medium_large":"https:\/\/hi-octane.pl\/wp-content\/uploads\/2023\/03\/main-hero-banner-e1698058542743-768x238.jpg","medium_large-width":768,"medium_large-height":238,"large":"https:\/\/hi-octane.pl\/wp-content\/uploads\/2023\/03\/main-hero-banner-e1698058542743-1200x372.jpg","large-width":1200,"large-height":372,"1536x1536":"https:\/\/hi-octane.pl\/wp-content\/uploads\/2023\/03\/main-hero-banner-e1698058542743-1536x477.jpg","1536x1536-width":1536,"1536x1536-height":477,"2048x2048":"https:\/\/hi-octane.pl\/wp-content\/uploads\/2023\/03\/main-hero-banner-e1698058542743.jpg","2048x2048-width":1611,"2048x2048-height":500,"trp-custom-language-flag":"https:\/\/hi-octane.pl\/wp-content\/uploads\/2023\/03\/main-hero-banner-e1698058542743-18x6.jpg","trp-custom-language-flag-width":18,"trp-custom-language-flag-height":6}}},"innerBlocks":[],"innerHTML":"","innerContent":[]},{"blockName":"acf\/two-columns-texts-and-button","attrs":{"title":"","subtitle":"","texts":false,"button":{"title":"View products","url":"\/products","target":""},"variant":"primary"},"innerBlocks":[],"innerHTML":"","innerContent":[]},{"blockName":"acf\/main-products-categories","attrs":[],"innerBlocks":[],"innerHTML":"","innerContent":[]}],"meta_data":{"container":"","is_default_title_hidden":true,"page_header_description":"","show_breadcrumbs":false,"post_page_variant":"default"},"_links":{"self":[{"href":"https:\/\/hi-octane.pl\/index.php\/wp-json\/wp\/v2\/pages\/14","targetHints":{"allow":["GET"]}}],"collection":[{"href":"https:\/\/hi-octane.pl\/index.php\/wp-json\/wp\/v2\/pages"}],"about":[{"href":"https:\/\/hi-octane.pl\/index.php\/wp-json\/wp\/v2\/types\/page"}],"author":[{"embeddable":true,"href":"https:\/\/hi-octane.pl\/index.php\/wp-json\/wp\/v2\/users\/1"}],"replies":[{"embeddable":true,"href":"https:\/\/hi-octane.pl\/index.php\/wp-json\/wp\/v2\/comments?post=14"}],"version-history":[{"count":42,"href":"https:\/\/hi-octane.pl\/index.php\/wp-json\/wp\/v2\/pages\/14\/revisions"}],"predecessor-version":[{"id":3578,"href":"https:\/\/hi-octane.pl\/index.php\/wp-json\/wp\/v2\/pages\/14\/revisions\/3578"}],"wp:attachment":[{"href":"https:\/\/hi-octane.pl\/index.php\/wp-json\/wp\/v2\/media?parent=14"}],"curies":[{"name":"wp","href":"https:\/\/api.w.org\/{rel}","templated":true}]}}